*r = -4*k + 24, -3*r + 3*k = -0*k - 6. Suppose 33 = -7*u + 75. Let t(p) = -4*p - 4*p + 2*p - 2*p + 4 + u*p. Calculate t(r).
-4
Let h be (-6)/17 + 36840/15657. Let v(u) = 4 - 2*u - 2*u**2 + 4*u**3 + 2 - 5. Determine v(h).
21
Let o(b) = 2*b**3 + 17*b**2 + 2*b + 18. Let y(t) = 2*t**3 + 20*t**2 + 5*t + 19. Let r(f) = -3*o(f) + 2*y(f). Calculate r(-6).
-4
Let t(h) be the third derivative of -h**6/120 - h**5/10 - h**4/6 + 7*h**3/3 - h**2 - 2446*h. What is t(-4)?
-2
Let q be (15 - (0 + 5)) + -1. Let n(c) = -c**3 + 11*c**2 - 23*c + 37. Give n(q).
-8
Let q(g) = -45 + 462 - 156 + 42*g. Determine q(-7).
-33
Let o(p) = p - 21. Let b(z) be the third derivative of -z**4/8 + 41*z**3/6 + 32*z**2 - 3. Let g(q) = 3*b(q) + 5*o(q). Determine g(4).
2
Let o(j) = -2*j - 16. Let n be o(2). Let w(a) = -a**2 - 14*a + 48. Calculate w(n).
-72
Let g = -11 - -8. Let b(s) = -s**2 - 7*s + 1. Let v be b(-7). Let k(z) = -11*z - 6*z + 2*z**2 - v + 17*z + 3*z. Determine k(g).
8
Let b(y) = 130*y - 105. Let u(r) = -112*r + 103. Let a(h) = -6*b(h) - 7*u(h). Calculate a(18).
-19
Let h(x) = -x**3 + 9*x**2 - 9*x + 1. Suppose -10*p + 2*p - 24 = 0. Let q be 60/8 - (p - 3/(-2)). Suppose 6 = -5*f - q, -4*f = -3*y + 36. What is h(y)?
-7
Let t(y) be the third derivative of -y**5/30 - y**3/3 - 24*y**2. Let h(f) = 5*f**2 + 7*f + 6. Let z(v) = h(v) + 2*t(v). Give z(-5).
-8
Let l(j) = -j**2 - 7*j + 20. Let x be l(-9). Suppose g - x*n = -g + 20, n = -5. Let m(b) = 3*b + 0*b + 0*b - g*b**2 + 3*b - 6 + b**3. What is m(4)?
2
Let k(i) = -15*i + 104. Let u(o) = 5*o**2 - 101*o + 332. Let y be u(4). Determine k(y).
-16
Let b(i) = -i**3 - 3*i**2 + i - 3. Let o(r) = 3*r - 6. Let j be o(4). Suppose 0 = -7*q - 31 + 101. Let g be (-45)/q*j/9. Give b(g).
-6
Let f(j) = j**2 + 4*j - 8. Suppose -10 + 10 = 6*k. Suppose k = -7*c + 47 - 89. Give f(c).
4
Let y(b) = 17*b**3 - 286*b**2 + 481*b + 166. Let g(n) = -3*n**3 + 48*n**2 - 80*n - 29. Let t(j) = -23*g(j) - 4*y(j). Calculate t(-42).
3
Let q(i) = -15*i - 14. Let w(d) = -d**3 + 52*d**2 - 56*d + 254. Let r be w(51). What is q(r)?
1
Let y be 5*(192/30 - 6). Let q(i) = -2 - 28*i**y + 4*i**2 + 12*i**2 + 3*i + 9*i**2. Determine q(1).
-2
Let y = -7290 + 7244. Let k(d) = -4*d - 187. Give k(y).
-3
Suppose 6*l = 5*l - 2. Let y be 17/(-4) + l/(-8). Let z(q) = -2*q**2 + 179*q - 10. Let u(j) = -3*j**2 + 279*j - 15. Let i(r) = 9*u(r) - 14*z(r). Determine i(y).
1
Let y(h) = 14*h**2 + 57*h. Let x(f) = 3*f**2 + 14*f + 2. Let o(w) = 5*x(w) - y(w). Determine o(-6).
-32
Suppose 0 = -z - l + 3, 2*l - 261 = 2*z - 279. Let o(h) = -2*h - 6 + 5*h + 2*h - 3*h. What is o(z)?
6
Let k = -10116 + 10121. Let h(g) = -3*g - 27. What is h(k)?
-42
Let y be 138 + (-3 + 2 - 3). Let f = y - 25. Let l(d) = -d**2 + 1 + 110*d + 1 - f*d. What is l(2)?
0
Let o(g) = -g**3 + g - 1. Let n(h) be the first derivative of 19/2*h**2 + 21 + 31*h + 1/3*h**3. Let m be n(-17). Give o(m).
23
Let a be (-8)/2 - -8 - (-2 + 1). Let p(w) = -w**2 - 7*w - a*w + 21*w + 4. Give p(9).
4
Suppose 26*i - 42*i - 16 = 0. Let h(f) = f - 7. Let z(v) = 5*v - 17. Let m(p) = 21*p - 69. Let o(g) = -2*m(g) + 9*z(g). Let k(x) = -13*h(x) + 6*o(x). Give k(i).
-4
Suppose -27*l = 27*l - 45*l - 45. Let b(t) = t**2 + 8*t - 59. What is b(l)?
6
Let x = 78 + -139. Let g = x - -65. Let f(k) = -2*k + 6. What is f(g)?
-2
Let z = -364 + 477. Let h(i) = -1 - z*i**2 + 2*i**3 + 120*i**2 - i**3. What is h(-7)?
-1
Suppose 43*b - 41*b - 4 = 0. Suppose 0 = -b*s - 31 + 37. Let y(u) be the second derivative of 5*u**3/6 - u**2/2 - u. Calculate y(s).
14
Let b(k) be the first derivative of -k**3 - 2*k**2 - 6*k - 3. Let q(j) = -2*j**2 - 4*j - 5. Let d(s) = 3*b(s) - 4*q(s). Let l = 11 - 8. Calculate d(l).
5
Suppose -58 - 99 + 10 = -7*n. Let f(q) = -q + 20. Give f(n).
-1
Let x be (-82*1/(-3))/((-17)/(-51)). Let i be (-10 - -2) + 2 - (70 - x). Let f(o) = -o**3 + 7*o**2 - 8*o + 4. What is f(i)?
-8
Let l be (1 - -2) + -2 + -10. Let j(h) = -h**2 + 20*h + 43*h + 12 + 53*h - 168*h + 44*h - 1. What is j(l)?
2
Let u(n) = -n - 1. Let i = -21 - -18. Let f(y) = -y**3. Let s(v) = -2*v**3 - 3*v**2 - 1. Let t(c) = f(c) - s(c). Let w be t(i). Determine u(w).
-2
Let f(h) = -5*h - 133. Let a = -11109 + 11083. What is f(a)?
-3
Let y = 92162 - 92167. Let b(s) be the first derivative of s**3/3 + 3*s**2 - 4*s - 1. Determine b(y).
-9
Let q(j) = -19*j**2 + 4*j + 1. Let v = -763 - -762. What is q(v)?
-22
Let i(n) = -123820*n**2 - 45 + 247644*n**2 - n**3 - 123809*n**2 + 20*n. Determine i(16).
19
Suppose 2*u = 4*u - 4. Suppose 0 = u*k + 5 - 13. Let v(r) = r**2 - 2*r + 2. Determine v(k).
10
Let u(c) = -6*c**3 + 20*c**2 + 39*c + 7. Let i(v) = -7*v**3 + 22*v**2 + 43*v + 7. Let p(n) = -8*i(n) + 9*u(n). What is p(-2)?
-7
Suppose 2*z + 3 = 5. Let u(a) = -7*a**3 - 5. Let h(l) = 187*l**3 - 43 + 44 - 185*l**3. Let f(r) = -6*h(r) - u(r). Give f(z).
-6
Let g(q) = 3*q**2 - 17*q - 5. Let a(f) = -21 + f - 8*f - 7*f - 16*f + 13*f**2 - 42*f. Let b(x) = -2*a(x) + 9*g(x). What is b(8)?
-11
Let l(j) = -21*j + 61. Let u be (6 - 6) + 0 - -2 - -1. What is l(u)?
-2
Let a(y) = -21*y**3 + 12*y**2 + 2*y + 14. Let n(f) = -116*f**3 + 60*f**2 + 12*f + 71. Let r(u) = 11*a(u) - 2*n(u). Determine r(-12).
36
Let n(q) = -2*q**3 + 1. Let m(h) = 10*h**3 + 3*h**2 - 4*h - 9. Let d(o) = -m(o) - 4*n(o). Give d(-2).
1
Let r(h) = h - 2. Let j(c) = 3*c**2 - 10. Let l be j(7). Let w = l - 129. Give r(w).
6
Let y be -1*((-27)/15 - -3)*-5. Let d(k) be the first derivative of -2*k**2 + 11*k - 327. Give d(y).
-13
Let s be 4*(-171)/36 + (-48)/(-8). Let x(h) = h**2 + 14*h + 30. What is x(s)?
17
Let w(a) = -a**3 + 31*a**2 - 32*a + 53. Let r be (-2 + 14/3)/(212/2385). Calculate w(r).
-7
Let y(t) = 10*t + 25*t + t**2 + 248 - 3*t - 378 - 12*t. Give y(6).
26
Let j(h) = 2*h**3 - 7*h**2 + 2*h. Let x(g) = -3*g**3 + 13*g**2 - 4*g. Let v(l) = 5*j(l) + 3*x(l). Let o be (75/50)/(3/102). Suppose 40*u = o*u + 44. Give v(u).
8
Let x = 52 - 48. Let f(o) = x*o - 3*o**2 - 2 - 64*o**3 + 63*o**3 + 2*o + o. Give f(-5).
13
Let a(i) = 23*i - 1. Suppose -49 = 5*t - 19, 0 = 6*r + 3*t + 12. What is a(r)?
22
Let a(c) be the second derivative of -140*c - 1/2*c**2 + 0 - 11/6*c**3. What is a(3)?
-34
Let o(t) = 84*t + 1683. Let h be o(-20). Let l(y) = 2*y - 15. What is l(h)?
-9
Let h be 0*(-2 + 39/26). Let w(q) be the first derivative of 1 - 1/2*q**2 - 2*q. Give w(h).
-2
Let a(o) = -o**2 + 11*o + 1. Let b(d) = 9*d**2 - 24*d - 4. Let v(h) = 2*a(h) + b(h). Determine v(2).
22
Let d = -57 - -59. Let i(x) = 4*x**d - 1 - 5 + 8 + 7 + 8*x. Let p(k) = 11*k**2 + 23*k + 26. Let b(a) = -8*i(a) + 3*p(a). Give b(-4).
2
Let t be 8 - (3 + (11 - 2)). Let g(w) = -3*w + 16. Let o be g(5). Let n(f) = -2*f - o - 3*f + 0*f. Calculate n(t).
19
Suppose -16 = -2*a - 2*a. Let z(s) = 0*s - s**3 - 2 - 1 - a*s - 5*s**2. Suppose 3*p + 671 - 343 = 322. Determine z(p).
-7
Let r be (42/(-4))/(18/24). Let h be r/(-6) + 14/(-42). Let o(u) = -2 + 2 + u**3 + 3 + u**h + 5*u**2 - 2*u. Determine o(-6).
15
Let q = 89 - 79. Let f be 45/q*12/9. Let h(a) = -5*a**3 - 7*a**2 + 6*a + 2. Let u(g) = 6*g**3 + 7*g**2 - 6*g - 1. Let c(y) = -7*h(y) - 6*u(y). Calculate c(f).
-8
Let o(w) = -4*w. Let p be (-25)/(-2) + -1 + 4/(-8). Suppose -7*n = -4 + p. Calculate o(n).
4
Let d(f) be the third derivative of -1/120*f**6 - 3/20*f**5 + 0*f**4 - 1/2*f**3 + 103*f + 0 + f**2. Give d(-9).
-3
Let o(t) = -t**3 - 11*t**2 + 13*t + 15. Suppose 41 - 5 = -3*i. Calculate o(i).
3
Let n(t) = 13*t + 11. Let m(r) = -19*r - 388. Let h be m(-21). Let k(o) = -71*o - 54. Let w(b) = h*n(b) + 2*k(b). Let u be 56/(-6) + (-2)/(-6). Determine w(u).
4
Let s(l) = l**2 - 19*l + 70. Let w be s(14). Let t be (-4 - (-55)/15)*(w + 0). Let m(c) = c**3 - c**2 + c + 18. What is m(t)?
18
Let a(n) = -n**2 - 8*n + 5. Suppose 2*p + 18 = 5*m, 2*p - 36*m + 37*m = -18. Determine a(p).
-4
Let a(q) = -5*q + 1. Suppose -6*v + 11 = -7. Suppose 2*w = -x - w - 8, -w = v. Determine a(x).
-4
Let w(p) = p**2 - 6*p + 13. Suppose -30*r - 188 = -278. Calculate w(r).
4
Let s(t) = -t + 9. Suppose 6*y - 10 = -2*g + 10*y, 2*y = 3*g - 15. Suppose -4*x = g*x - 72. Determine s(x).
1
Let k(w) be the first derivative of -3*w**4/4 + 2*w**3 + 9*w**2/2 - 10. Let u(v) = 10*v**3 - 18*v**2 - 28*v + 1. Let s(x) = 7*k(x) + 2*u(x). Determine s(7).
2
Let b(z) = 3*z**3 - 29*z**2 + 23*z - 31. Let o 